HEX
Server: LiteSpeed
System: Linux server490.bertina.biz 5.14.0-687.31.1.el9_8.x86_64 #1 SMP PREEMPT_DYNAMIC Sat Aug 1 05:38:01 EDT 2026 x86_64
User: parskavirpaya (1252)
PHP: 8.1.34
Disabled: mail, show_source, system, shell_exec, passthru, exec, popen
Upload Files
File: //home/parskavirpaya/access-logs/pishroraika.com
128.1.223.98 - - [26/Aug/2026:15:53:38 +0330] "GET /wp-login.php HTTP/1.1" 301 795 "-" "Mozilla/5.0"
51.75.19.210 - - [26/Aug/2026:15:56:45 +0330] "POST /wp-login.php HTTP/1.1" 301 795 "http://pishroraika.com/wp-login.php" "Mozilla/5.0 (Windows NT 10.0; Win64; x64) AppleWebKit/537.36 (KHTML, like Gecko) Chrome/125.0.0.0 Safari/537.36"
51.75.19.210 - - [26/Aug/2026:16:19:59 +0330] "POST /wp-login.php HTTP/1.1" 301 795 "http://pishroraika.com/wp-login.php" "Mozilla/5.0 (Windows NT 10.0; Win64; x64) AppleWebKit/537.36 (KHTML, like Gecko) Chrome/125.0.0.0 Safari/537.36"
43.163.206.70 - - [26/Aug/2026:16:25:38 +0330] "GET / HTTP/1.1" 301 795 "-" "Mozilla/5.0 (iPhone; CPU iPhone OS 13_2_3 like Mac OS X) AppleWebKit/605.1.15 (KHTML, like Gecko) Version/13.0.3 Mobile/15E148 Safari/604.1"
51.75.19.210 - - [26/Aug/2026:16:43:34 +0330] "POST /wp-login.php HTTP/1.1" 301 795 "http://pishroraika.com/wp-login.php" "Mozilla/5.0 (Windows NT 10.0; Win64; x64) AppleWebKit/537.36 (KHTML, like Gecko) Chrome/125.0.0.0 Safari/537.36"
129.204.188.64 - - [26/Aug/2026:16:51:48 +0330] "GET / HTTP/1.1" 301 795 "-" "Mozilla/5.0 (iPhone; CPU iPhone OS 13_2_3 like Mac OS X) AppleWebKit/605.1.15 (KHTML, like Gecko) Version/13.0.3 Mobile/15E148 Safari/604.1"
173.252.82.43 - - [26/Aug/2026:16:55:55 +0330] "GET /?fbclid=IwcGRvZgRleHRuA2FlbQIxMQBzcnRjBmFwcF9pZAwyNTYyODEwNDA1NTgAAR4ddBt_6gWs_WqGhWdba8A2TN_fc57AEjZcZdZo8QH-T8hKFihFcoEBDIb_kA_aem_kxe9UM5SpacQoCyqCLa_ew HTTP/1.1" 301 795 "https://www.facebook.com/" "Mozilla/5.0 (Linux; Android 12; SM-G973F Build/SP1A.210812.016) AppleWebKit/537.36 (KHTML, like Gecko) Version/4.0 Chrome/151.0.7922.165 Mobile Safari/537.36 [FB_IAB/FB4A;FBAV/575.1.0.55.73;IABMV/1;]"
51.75.19.210 - - [26/Aug/2026:17:07:17 +0330] "POST /wp-login.php HTTP/1.1" 301 795 "http://pishroraika.com/wp-login.php" "Mozilla/5.0 (Windows NT 10.0; Win64; x64) AppleWebKit/537.36 (KHTML, like Gecko) Chrome/125.0.0.0 Safari/537.36"
169.58.82.228 - - [26/Aug/2026:17:12:08 +0330] "GET /wp-login.php HTTP/1.1" 301 795 "https://www.google.com/" "Mozilla/5.0 (Windows NT 11.0; Win64; x64; rv:120.0) Gecko/20100101 Firefox/120.0"
43.130.174.37 - - [26/Aug/2026:17:30:15 +0330] "GET / HTTP/1.1" 301 795 "-" "Mozilla/5.0 (iPhone; CPU iPhone OS 13_2_3 like Mac OS X) AppleWebKit/605.1.15 (KHTML, like Gecko) Version/13.0.3 Mobile/15E148 Safari/604.1"
185.223.152.249 - - [26/Aug/2026:17:30:34 +0330] "GET / HTTP/1.0" 301 795 "http://pishroraika.com/" "Mozilla/5.0 (Windows NT 10.0; Win64; x64) AppleWebKit/537.36 (KHTML, like Gecko) Chrome/131.0.0.0 Safari/537.36 Avast/131.0.0.0"
51.75.19.210 - - [26/Aug/2026:17:30:53 +0330] "POST /wp-login.php HTTP/1.1" 301 795 "http://pishroraika.com/wp-login.php" "Mozilla/5.0 (Windows NT 10.0; Win64; x64) AppleWebKit/537.36 (KHTML, like Gecko) Chrome/125.0.0.0 Safari/537.36"
51.75.19.210 - - [26/Aug/2026:17:54:24 +0330] "POST /wp-login.php HTTP/1.1" 301 795 "http://pishroraika.com/wp-login.php" "Mozilla/5.0 (Windows NT 10.0; Win64; x64) AppleWebKit/537.36 (KHTML, like Gecko) Chrome/125.0.0.0 Safari/537.36"
51.75.19.210 - - [26/Aug/2026:18:17:32 +0330] "POST /wp-login.php HTTP/1.1" 301 795 "http://pishroraika.com/wp-login.php" "Mozilla/5.0 (Windows NT 10.0; Win64; x64) AppleWebKit/537.36 (KHTML, like Gecko) Chrome/125.0.0.0 Safari/537.36"
51.75.19.210 - - [26/Aug/2026:18:41:11 +0330] "POST /wp-login.php HTTP/1.1" 301 795 "http://pishroraika.com/wp-login.php" "Mozilla/5.0 (Windows NT 10.0; Win64; x64) AppleWebKit/537.36 (KHTML, like Gecko) Chrome/125.0.0.0 Safari/537.36"
85.11.167.5 - - [26/Aug/2026:18:58:43 +0330] "GET / HTTP/1.1" 301 795 "-" "python-requests/2.27.1"
129.146.47.128 - - [26/Aug/2026:18:58:47 +0330] "GET /wp-content/plugins/pods/readme.txt HTTP/1.1" 301 795 "-" "Mozilla/5.0 (Windows NT 10.0; Win64; x64) AppleWebKit/537.36 (KHTML, like Gecko) Chrome/125.0.0.0 Safari/537.36"
129.146.47.128 - - [26/Aug/2026:18:58:48 +0330] "GET /wp-content/plugins/pods/init.php HTTP/1.1" 301 795 "-" "Mozilla/5.0 (Windows NT 10.0; Win64; x64) AppleWebKit/537.36 (KHTML, like Gecko) Chrome/125.0.0.0 Safari/537.36"
51.75.19.210 - - [26/Aug/2026:19:04:51 +0330] "POST /wp-login.php HTTP/1.1" 301 795 "http://pishroraika.com/wp-login.php" "Mozilla/5.0 (Windows NT 10.0; Win64; x64) AppleWebKit/537.36 (KHTML, like Gecko) Chrome/125.0.0.0 Safari/537.36"
51.75.19.210 - - [26/Aug/2026:19:28:28 +0330] "POST /wp-login.php HTTP/1.1" 301 795 "http://pishroraika.com/wp-login.php" "Mozilla/5.0 (Windows NT 10.0; Win64; x64) AppleWebKit/537.36 (KHTML, like Gecko) Chrome/125.0.0.0 Safari/537.36"
51.75.19.210 - - [26/Aug/2026:19:52:07 +0330] "POST /wp-login.php HTTP/1.1" 301 795 "http://pishroraika.com/wp-login.php" "Mozilla/5.0 (Windows NT 10.0; Win64; x64) AppleWebKit/537.36 (KHTML, like Gecko) Chrome/125.0.0.0 Safari/537.36"
51.75.19.210 - - [26/Aug/2026:20:15:37 +0330] "POST /wp-login.php HTTP/1.1" 301 795 "http://pishroraika.com/wp-login.php" "Mozilla/5.0 (Windows NT 10.0; Win64; x64) AppleWebKit/537.36 (KHTML, like Gecko) Chrome/125.0.0.0 Safari/537.36"
91.92.40.172 - - [26/Aug/2026:20:37:06 +0330] "GET /wp-login.php HTTP/1.1" 301 795 "https://www.google.com/" "Mozilla/5.0 (Macintosh; Intel Mac OS X 13_6_1) AppleWebKit/537.36 (KHTML, like Gecko) Chrome/121.0.0.0 Safari/537.36"
51.75.19.210 - - [26/Aug/2026:20:38:38 +0330] "POST /wp-login.php HTTP/1.1" 301 795 "http://pishroraika.com/wp-login.php" "Mozilla/5.0 (Windows NT 10.0; Win64; x64) AppleWebKit/537.36 (KHTML, like Gecko) Chrome/125.0.0.0 Safari/537.36"
66.249.64.34 - - [26/Aug/2026:20:42:14 +0330] "GET /robots.txt HTTP/1.1" 301 795 "-" "Mozilla/5.0 (compatible; Googlebot/2.1; +http://www.google.com/bot.html)"
66.249.64.35 - - [26/Aug/2026:20:42:15 +0330] "GET / HTTP/1.1" 301 795 "-" "Mozilla/5.0 (Linux; Android 6.0.1; Nexus 5X Build/MMB29P) AppleWebKit/537.36 (KHTML, like Gecko) Chrome/151.0.7922.173 Mobile Safari/537.36 (compatible; Googlebot/2.1; +http://www.google.com/bot.html)"
66.249.64.35 - - [26/Aug/2026:20:43:02 +0330] "GET / HTTP/1.1" 301 795 "-" "Mozilla/5.0 (compatible; Googlebot/2.1; +http://www.google.com/bot.html)"
66.249.64.35 - - [26/Aug/2026:20:43:06 +0330] "GET / HTTP/1.1" 301 795 "-" "Mozilla/5.0 (Linux; Android 6.0.1; Nexus 5X Build/MMB29P) AppleWebKit/537.36 (KHTML, like Gecko) Chrome/99.0.4844.84 Mobile Safari/537.36 (compatible; Googlebot/2.1; +http://www.google.com/bot.html)"
51.75.19.210 - - [26/Aug/2026:21:01:42 +0330] "POST /wp-login.php HTTP/1.1" 301 795 "http://pishroraika.com/wp-login.php" "Mozilla/5.0 (Windows NT 10.0; Win64; x64) AppleWebKit/537.36 (KHTML, like Gecko) Chrome/125.0.0.0 Safari/537.36"
51.75.19.210 - - [26/Aug/2026:21:24:43 +0330] "POST /wp-login.php HTTP/1.1" 301 795 "http://pishroraika.com/wp-login.php" "Mozilla/5.0 (Windows NT 10.0; Win64; x64) AppleWebKit/537.36 (KHTML, like Gecko) Chrome/125.0.0.0 Safari/537.36"
51.75.19.210 - - [26/Aug/2026:21:48:56 +0330] "POST /wp-login.php HTTP/1.1" 301 795 "http://pishroraika.com/wp-login.php" "Mozilla/5.0 (Windows NT 10.0; Win64; x64) AppleWebKit/537.36 (KHTML, like Gecko) Chrome/125.0.0.0 Safari/537.36"
51.75.19.210 - - [26/Aug/2026:22:11:58 +0330] "POST /wp-login.php HTTP/1.1" 301 795 "http://pishroraika.com/wp-login.php" "Mozilla/5.0 (Windows NT 10.0; Win64; x64) AppleWebKit/537.36 (KHTML, like Gecko) Chrome/125.0.0.0 Safari/537.36"
51.75.19.210 - - [26/Aug/2026:22:35:23 +0330] "POST /wp-login.php HTTP/1.1" 301 795 "http://pishroraika.com/wp-login.php" "Mozilla/5.0 (Windows NT 10.0; Win64; x64) AppleWebKit/537.36 (KHTML, like Gecko) Chrome/125.0.0.0 Safari/537.36"
47.82.11.68 - - [26/Aug/2026:22:43:02 +0330] "GET /robots.txt HTTP/1.1" 301 795 "-" "Mozilla/5.0 (Macintosh; Intel Mac OS X 10_15_7) AppleWebKit/537.36 (KHTML, like Gecko) Chrome/128.0.0.0 Safari/537.36"
170.106.147.63 - - [26/Aug/2026:22:48:55 +0330] "GET / HTTP/1.1" 301 795 "-" "Mozilla/5.0 (iPhone; CPU iPhone OS 13_2_3 like Mac OS X) AppleWebKit/605.1.15 (KHTML, like Gecko) Version/13.0.3 Mobile/15E148 Safari/604.1"
31.134.3.89 - - [26/Aug/2026:22:53:43 +0330] "POST /?rest_route=/batch/v1 HTTP/1.1" 301 795 "-" "Mozilla/5.0 (X11; Ubuntu; Linux x86_64; rv:136.0) Gecko/20100101 Firefox/136.0"
31.134.3.89 - - [26/Aug/2026:22:53:45 +0330] "POST /wp-json/batch/v1 HTTP/1.1" 301 795 "-" "Mozilla/5.0 (X11; Ubuntu; Linux x86_64; rv:136.0) Gecko/20100101 Firefox/136.0"
66.249.64.33 - - [26/Aug/2026:22:54:30 +0330] "GET /robots.txt HTTP/1.1" 301 795 "-" "Mozilla/5.0 (compatible; Googlebot/2.1; +http://www.google.com/bot.html)"
51.75.19.210 - - [26/Aug/2026:22:58:56 +0330] "POST /wp-login.php HTTP/1.1" 301 795 "http://pishroraika.com/wp-login.php" "Mozilla/5.0 (Windows NT 10.0; Win64; x64) AppleWebKit/537.36 (KHTML, like Gecko) Chrome/125.0.0.0 Safari/537.36"
129.28.84.30 - - [26/Aug/2026:23:11:04 +0330] "GET / HTTP/1.1" 301 795 "-" "Mozilla/5.0 (iPhone; CPU iPhone OS 13_2_3 like Mac OS X) AppleWebKit/605.1.15 (KHTML, like Gecko) Version/13.0.3 Mobile/15E148 Safari/604.1"
51.75.19.210 - - [26/Aug/2026:23:22:17 +0330] "POST /wp-login.php HTTP/1.1" 301 795 "http://pishroraika.com/wp-login.php" "Mozilla/5.0 (Windows NT 10.0; Win64; x64) AppleWebKit/537.36 (KHTML, like Gecko) Chrome/125.0.0.0 Safari/537.36"
51.75.19.210 - - [26/Aug/2026:23:45:24 +0330] "POST /wp-login.php HTTP/1.1" 301 795 "http://pishroraika.com/wp-login.php" "Mozilla/5.0 (Windows NT 10.0; Win64; x64) AppleWebKit/537.36 (KHTML, like Gecko) Chrome/125.0.0.0 Safari/537.36"
80.94.95.173 - - [26/Aug/2026:23:57:11 +0330] "GET / HTTP/1.0" 301 795 "http://pishroraika.com/" "Mozilla/5.0 (Windows NT 10.0; Win64; x64) AppleWebKit/537.36 (KHTML, like Gecko) Chrome/131.0.0.0 Safari/537.36 Avast/131.0.0.0"
51.75.19.210 - - [27/Aug/2026:00:08:42 +0330] "POST /wp-login.php HTTP/1.1" 301 795 "http://pishroraika.com/wp-login.php" "Mozilla/5.0 (Windows NT 10.0; Win64; x64) AppleWebKit/537.36 (KHTML, like Gecko) Chrome/125.0.0.0 Safari/537.36"
51.75.19.210 - - [27/Aug/2026:00:31:47 +0330] "POST /wp-login.php HTTP/1.1" 301 795 "http://pishroraika.com/wp-login.php" "Mozilla/5.0 (Windows NT 10.0; Win64; x64) AppleWebKit/537.36 (KHTML, like Gecko) Chrome/125.0.0.0 Safari/537.36"
51.75.19.210 - - [27/Aug/2026:00:54:50 +0330] "POST /wp-login.php HTTP/1.1" 301 795 "http://pishroraika.com/wp-login.php" "Mozilla/5.0 (Windows NT 10.0; Win64; x64) AppleWebKit/537.36 (KHTML, like Gecko) Chrome/125.0.0.0 Safari/537.36"
66.249.64.34 - - [27/Aug/2026:00:57:42 +0330] "GET / HTTP/1.1" 301 795 "-" "Mozilla/5.0 (compatible; Googlebot/2.1; +http://www.google.com/bot.html)"
43.157.188.74 - - [27/Aug/2026:00:58:13 +0330] "GET / HTTP/1.1" 301 795 "-" "Mozilla/5.0 (iPhone; CPU iPhone OS 13_2_3 like Mac OS X) AppleWebKit/605.1.15 (KHTML, like Gecko) Version/13.0.3 Mobile/15E148 Safari/604.1"
4.204.200.136 - - [27/Aug/2026:01:07:03 +0330] "GET /wp-content/plugins/hellopress/wp_filemanager.php HTTP/1.1" 301 795 "-" "-"
4.204.200.136 - - [27/Aug/2026:01:07:06 +0330] "GET /this_is_a_new_hello_world.php HTTP/1.1" 301 795 "-" "-"
4.204.200.136 - - [27/Aug/2026:01:07:08 +0330] "GET /filefuns.php HTTP/1.1" 301 795 "-" "-"
4.204.200.136 - - [27/Aug/2026:01:07:10 +0330] "GET /wp-cron.php HTTP/1.1" 301 795 "-" "-"
4.204.200.136 - - [27/Aug/2026:01:07:11 +0330] "GET /lock360.php HTTP/1.1" 301 795 "-" "-"
4.204.200.136 - - [27/Aug/2026:01:07:13 +0330] "GET /wp-theme.php HTTP/1.1" 301 795 "-" "-"
4.204.200.136 - - [27/Aug/2026:01:07:15 +0330] "GET /2d7433/index.php HTTP/1.1" 301 795 "-" "-"
4.204.200.136 - - [27/Aug/2026:01:07:19 +0330] "GET /wp-login.php HTTP/1.1" 301 795 "-" "-"
4.204.200.136 - - [27/Aug/2026:01:07:20 +0330] "GET /images.php HTTP/1.1" 301 795 "-" "-"
4.204.200.136 - - [27/Aug/2026:01:07:22 +0330] "GET /ops.php HTTP/1.1" 301 795 "-" "-"
4.204.200.136 - - [27/Aug/2026:01:07:25 +0330] "GET /4PJcpMFsD8B.php HTTP/1.1" 301 795 "-" "-"
4.204.200.136 - - [27/Aug/2026:01:07:27 +0330] "GET /3PJcpMFsD8B.php HTTP/1.1" 301 795 "-" "-"
4.204.200.136 - - [27/Aug/2026:01:07:29 +0330] "GET /about.php HTTP/1.1" 301 795 "-" "-"
4.204.200.136 - - [27/Aug/2026:01:07:31 +0330] "GET /admin.php/admin.php HTTP/1.1" 301 795 "-" "-"
4.204.200.136 - - [27/Aug/2026:01:07:34 +0330] "GET /media.php HTTP/1.1" 301 795 "-" "-"
4.204.200.136 - - [27/Aug/2026:01:07:36 +0330] "GET /mac.php HTTP/1.1" 301 795 "-" "-"
4.204.200.136 - - [27/Aug/2026:01:07:38 +0330] "GET /1.php HTTP/1.1" 301 795 "-" "-"
4.204.200.136 - - [27/Aug/2026:01:07:40 +0330] "GET /classwithtostring.php?p= HTTP/1.1" 301 795 "-" "-"
4.204.200.136 - - [27/Aug/2026:01:07:43 +0330] "GET /wp-ws68.php?p= HTTP/1.1" 301 795 "-" "-"
4.204.200.136 - - [27/Aug/2026:01:07:47 +0330] "GET /simple.php HTTP/1.1" 301 795 "-" "-"
4.204.200.136 - - [27/Aug/2026:01:07:49 +0330] "GET /aaa.php?p= HTTP/1.1" 301 795 "-" "-"
4.204.200.136 - - [27/Aug/2026:01:07:53 +0330] "GET /wp-admin/css/colors/modern/ HTTP/1.1" 301 795 "-" "-"
4.204.200.136 - - [27/Aug/2026:01:07:54 +0330] "GET /wp-admin/css/colors/sunrise/ HTTP/1.1" 301 795 "-" "-"
4.204.200.136 - - [27/Aug/2026:01:07:54 +0330] "GET /shiny.php HTTP/1.1" 301 795 "-" "-"
4.204.200.136 - - [27/Aug/2026:01:07:56 +0330] "GET /goods.php HTTP/1.1" 301 795 "-" "-"
4.204.200.136 - - [27/Aug/2026:01:07:58 +0330] "GET /166.php HTTP/1.1" 301 795 "-" "-"
51.75.19.210 - - [27/Aug/2026:01:17:40 +0330] "POST /wp-login.php HTTP/1.1" 301 795 "http://pishroraika.com/wp-login.php" "Mozilla/5.0 (Windows NT 10.0; Win64; x64) AppleWebKit/537.36 (KHTML, like Gecko) Chrome/125.0.0.0 Safari/537.36"
51.75.19.210 - - [27/Aug/2026:01:40:59 +0330] "POST /wp-login.php HTTP/1.1" 301 795 "http://pishroraika.com/wp-login.php" "Mozilla/5.0 (Windows NT 10.0; Win64; x64) AppleWebKit/537.36 (KHTML, like Gecko) Chrome/125.0.0.0 Safari/537.36"
159.26.115.102 - - [27/Aug/2026:02:01:44 +0330] "GET /contact/ HTTP/1.0" 301 795 "-" "Mozilla/5.0 (Windows NT 10.0; Win64; x64) AppleWebKit/537.36 (KHTML, like Gecko) Chrome/118.0.0.0 Safari/537.36"
51.75.19.210 - - [27/Aug/2026:02:03:59 +0330] "POST /wp-login.php HTTP/1.1" 301 795 "http://pishroraika.com/wp-login.php" "Mozilla/5.0 (Windows NT 10.0; Win64; x64) AppleWebKit/537.36 (KHTML, like Gecko) Chrome/125.0.0.0 Safari/537.36"
91.92.241.196 - - [27/Aug/2026:02:19:12 +0330] "GET /.git/HEAD HTTP/1.1" 403 787 "-" "Mozilla/5.0 (Windows NT 10.0; Win64; x64) AppleWebKit/537.36"
91.92.241.196 - - [27/Aug/2026:02:19:13 +0330] "GET /.git/config HTTP/1.1" 403 787 "-" "Mozilla/5.0 (Windows NT 10.0; Win64; x64) AppleWebKit/537.36"
38.248.89.134 - - [27/Aug/2026:02:24:05 +0330] "GET /wp-login.php HTTP/1.1" 301 795 "-" "Mozilla/5.0"
51.75.19.210 - - [27/Aug/2026:02:26:54 +0330] "POST /wp-login.php HTTP/1.1" 301 795 "http://pishroraika.com/wp-login.php" "Mozilla/5.0 (Windows NT 10.0; Win64; x64) AppleWebKit/537.36 (KHTML, like Gecko) Chrome/125.0.0.0 Safari/537.36"
168.144.244.183 - - [27/Aug/2026:02:42:05 +0330] "GET /wp-login.php HTTP/1.1" 301 795 "-" "Mozilla/5.0 (Windows NT 11.0; Win64; x64; rv:119.0) Gecko/20100101 Firefox/119.0"
51.75.19.210 - - [27/Aug/2026:02:50:18 +0330] "POST /wp-login.php HTTP/1.1" 301 795 "http://pishroraika.com/wp-login.php" "Mozilla/5.0 (Windows NT 10.0; Win64; x64) AppleWebKit/537.36 (KHTML, like Gecko) Chrome/125.0.0.0 Safari/537.36"
51.75.19.210 - - [27/Aug/2026:03:13:17 +0330] "POST /wp-login.php HTTP/1.1" 301 795 "http://pishroraika.com/wp-login.php" "Mozilla/5.0 (Windows NT 10.0; Win64; x64) AppleWebKit/537.36 (KHTML, like Gecko) Chrome/125.0.0.0 Safari/537.36"
51.75.19.210 - - [27/Aug/2026:03:36:06 +0330] "POST /wp-login.php HTTP/1.1" 301 795 "http://pishroraika.com/wp-login.php" "Mozilla/5.0 (Windows NT 10.0; Win64; x64) AppleWebKit/537.36 (KHTML, like Gecko) Chrome/125.0.0.0 Safari/537.36"
185.34.33.2 - - [27/Aug/2026:03:41:14 +0330] "GET / HTTP/1.1" 301 795 "pishroraika.com" "Mozilla/5.0 (Linux; Android 9; PCDM10) AppleWebKit/537.36 (KHTML, like Gecko) Chrome/81.0.4044.138 Mobile Safari/537.36"
51.75.19.210 - - [27/Aug/2026:03:59:01 +0330] "POST /wp-login.php HTTP/1.1" 301 795 "http://pishroraika.com/wp-login.php" "Mozilla/5.0 (Windows NT 10.0; Win64; x64) AppleWebKit/537.36 (KHTML, like Gecko) Chrome/125.0.0.0 Safari/537.36"
66.132.172.109 - - [27/Aug/2026:04:03:19 +0330] "GET / HTTP/1.1" 301 795 "-" "Mozilla/5.0 (compatible; CensysInspect/1.1; +https://about.censys.io/)"
51.75.19.210 - - [27/Aug/2026:04:21:37 +0330] "POST /wp-login.php HTTP/1.1" 301 795 "http://pishroraika.com/wp-login.php" "Mozilla/5.0 (Windows NT 10.0; Win64; x64) AppleWebKit/537.36 (KHTML, like Gecko) Chrome/125.0.0.0 Safari/537.36"
51.75.19.210 - - [27/Aug/2026:04:44:24 +0330] "POST /wp-login.php HTTP/1.1" 301 795 "http://pishroraika.com/wp-login.php" "Mozilla/5.0 (Windows NT 10.0; Win64; x64) AppleWebKit/537.36 (KHTML, like Gecko) Chrome/125.0.0.0 Safari/537.36"
51.75.19.210 - - [27/Aug/2026:05:07:13 +0330] "POST /wp-login.php HTTP/1.1" 301 795 "http://pishroraika.com/wp-login.php" "Mozilla/5.0 (Windows NT 10.0; Win64; x64) AppleWebKit/537.36 (KHTML, like Gecko) Chrome/125.0.0.0 Safari/537.36"
141.145.154.206 - - [27/Aug/2026:05:08:11 +0330] "POST /wp-admin/admin-ajax.php HTTP/1.1" 301 795 "-" "Mozilla/5.0 (Macintosh; Intel Mac OS X 10_15_7) AppleWebKit/537.36 (KHTML, like Gecko) Chrome/124.0.0.0 Safari/537.36"
162.14.66.219 - - [27/Aug/2026:05:11:27 +0330] "GET / HTTP/1.1" 301 795 "-" "Mozilla/5.0 (iPhone; CPU iPhone OS 13_2_3 like Mac OS X) AppleWebKit/605.1.15 (KHTML, like Gecko) Version/13.0.3 Mobile/15E148 Safari/604.1"
51.75.19.210 - - [27/Aug/2026:05:30:31 +0330] "POST /wp-login.php HTTP/1.1" 301 795 "http://pishroraika.com/wp-login.php" "Mozilla/5.0 (Windows NT 10.0; Win64; x64) AppleWebKit/537.36 (KHTML, like Gecko) Chrome/125.0.0.0 Safari/537.36"
51.75.19.210 - - [27/Aug/2026:05:53:46 +0330] "POST /wp-login.php HTTP/1.1" 301 795 "http://pishroraika.com/wp-login.php" "Mozilla/5.0 (Windows NT 10.0; Win64; x64) AppleWebKit/537.36 (KHTML, like Gecko) Chrome/125.0.0.0 Safari/537.36"
43.164.0.96 - - [27/Aug/2026:06:12:52 +0330] "GET / HTTP/1.1" 301 795 "-" "Mozilla/5.0 (iPhone; CPU iPhone OS 13_2_3 like Mac OS X) AppleWebKit/605.1.15 (KHTML, like Gecko) Version/13.0.3 Mobile/15E148 Safari/604.1"
51.75.19.210 - - [27/Aug/2026:06:16:43 +0330] "POST /wp-login.php HTTP/1.1" 301 795 "http://pishroraika.com/wp-login.php" "Mozilla/5.0 (Windows NT 10.0; Win64; x64) AppleWebKit/537.36 (KHTML, like Gecko) Chrome/125.0.0.0 Safari/537.36"
51.75.19.210 - - [27/Aug/2026:06:40:00 +0330] "POST /wp-login.php HTTP/1.1" 301 795 "http://pishroraika.com/wp-login.php" "Mozilla/5.0 (Windows NT 10.0; Win64; x64) AppleWebKit/537.36 (KHTML, like Gecko) Chrome/125.0.0.0 Safari/537.36"
51.75.19.210 - - [27/Aug/2026:07:03:31 +0330] "POST /wp-login.php HTTP/1.1" 301 795 "http://pishroraika.com/wp-login.php" "Mozilla/5.0 (Windows NT 10.0; Win64; x64) AppleWebKit/537.36 (KHTML, like Gecko) Chrome/125.0.0.0 Safari/537.36"
51.75.19.210 - - [27/Aug/2026:07:26:50 +0330] "POST /wp-login.php HTTP/1.1" 301 795 "http://pishroraika.com/wp-login.php" "Mozilla/5.0 (Windows NT 10.0; Win64; x64) AppleWebKit/537.36 (KHTML, like Gecko) Chrome/125.0.0.0 Safari/537.36"
43.161.251.162 - - [27/Aug/2026:07:27:17 +0330] "GET / HTTP/1.1" 301 795 "-" "Mozilla/5.0 (iPhone; CPU iPhone OS 13_2_3 like Mac OS X) AppleWebKit/605.1.15 (KHTML, like Gecko) Version/13.0.3 Mobile/15E148 Safari/604.1"
51.75.19.210 - - [27/Aug/2026:07:50:37 +0330] "POST /wp-login.php HTTP/1.1" 301 795 "http://pishroraika.com/wp-login.php" "Mozilla/5.0 (Windows NT 10.0; Win64; x64) AppleWebKit/537.36 (KHTML, like Gecko) Chrome/125.0.0.0 Safari/537.36"
51.75.19.210 - - [27/Aug/2026:08:14:08 +0330] "POST /wp-login.php HTTP/1.1" 301 795 "http://pishroraika.com/wp-login.php" "Mozilla/5.0 (Windows NT 10.0; Win64; x64) AppleWebKit/537.36 (KHTML, like Gecko) Chrome/125.0.0.0 Safari/537.36"
45.8.19.206 - - [27/Aug/2026:08:26:30 +0330] "GET /wp-login.php HTTP/1.1" 301 795 "-" "Mozilla/5.0 (Macintosh; Intel Mac OS X 10_15_7; rv:118.0) Gecko/20100101 Firefox/118.0"
51.75.19.210 - - [27/Aug/2026:08:37:46 +0330] "POST /wp-login.php HTTP/1.1" 301 795 "http://pishroraika.com/wp-login.php" "Mozilla/5.0 (Windows NT 10.0; Win64; x64) AppleWebKit/537.36 (KHTML, like Gecko) Chrome/125.0.0.0 Safari/537.36"
20.151.129.194 - - [27/Aug/2026:08:43:47 +0330] "GET /wp-content/plugins/hellopress/wp_filemanager.php HTTP/1.1" 301 795 "-" "-"
20.151.129.194 - - [27/Aug/2026:08:43:48 +0330] "GET /this_is_a_new_hello_world.php HTTP/1.1" 301 795 "-" "-"
51.75.19.210 - - [27/Aug/2026:09:01:23 +0330] "POST /wp-login.php HTTP/1.1" 301 795 "http://pishroraika.com/wp-login.php" "Mozilla/5.0 (Windows NT 10.0; Win64; x64) AppleWebKit/537.36 (KHTML, like Gecko) Chrome/125.0.0.0 Safari/537.36"
51.75.19.210 - - [27/Aug/2026:09:25:04 +0330] "POST /wp-login.php HTTP/1.1" 301 795 "http://pishroraika.com/wp-login.php" "Mozilla/5.0 (Windows NT 10.0; Win64; x64) AppleWebKit/537.36 (KHTML, like Gecko) Chrome/125.0.0.0 Safari/537.36"
51.75.19.210 - - [27/Aug/2026:09:49:06 +0330] "POST /wp-login.php HTTP/1.1" 301 795 "http://pishroraika.com/wp-login.php" "Mozilla/5.0 (Windows NT 10.0; Win64; x64) AppleWebKit/537.36 (KHTML, like Gecko) Chrome/125.0.0.0 Safari/537.36"
62.60.130.210 - - [27/Aug/2026:10:07:51 +0330] "GET /wp-login.php HTTP/1.1" 301 795 "https://www.reddit.com/" "Mozilla/5.0 (Windows NT 10.0; Win64; x64) AppleWebKit/537.36 (KHTML, like Gecko) Chrome/119.0.0.0 Safari/537.36 Edg/119.0.2151.97"
51.75.19.210 - - [27/Aug/2026:10:12:52 +0330] "POST /wp-login.php HTTP/1.1" 301 795 "http://pishroraika.com/wp-login.php" "Mozilla/5.0 (Windows NT 10.0; Win64; x64) AppleWebKit/537.36 (KHTML, like Gecko) Chrome/125.0.0.0 Safari/537.36"
51.75.19.210 - - [27/Aug/2026:10:36:52 +0330] "POST /wp-login.php HTTP/1.1" 301 795 "http://pishroraika.com/wp-login.php" "Mozilla/5.0 (Windows NT 10.0; Win64; x64) AppleWebKit/537.36 (KHTML, like Gecko) Chrome/125.0.0.0 Safari/537.36"
51.75.19.210 - - [27/Aug/2026:11:00:37 +0330] "POST /wp-login.php HTTP/1.1" 301 795 "http://pishroraika.com/wp-login.php" "Mozilla/5.0 (Windows NT 10.0; Win64; x64) AppleWebKit/537.36 (KHTML, like Gecko) Chrome/125.0.0.0 Safari/537.36"
192.3.239.5 - - [27/Aug/2026:11:19:14 +0330] "GET /wp-json/gravitysmtp/v1/tests/mock-data?page=gravitysmtp-settings HTTP/1.1" 301 795 "-" "Mozilla/5.0"
124.220.42.101 - - [27/Aug/2026:11:21:44 +0330] "GET / HTTP/1.1" 301 795 "-" "Mozilla/5.0 (iPhone; CPU iPhone OS 13_2_3 like Mac OS X) AppleWebKit/605.1.15 (KHTML, like Gecko) Version/13.0.3 Mobile/15E148 Safari/604.1"
51.75.19.210 - - [27/Aug/2026:11:24:04 +0330] "POST /wp-login.php HTTP/1.1" 301 795 "http://pishroraika.com/wp-login.php" "Mozilla/5.0 (Windows NT 10.0; Win64; x64) AppleWebKit/537.36 (KHTML, like Gecko) Chrome/125.0.0.0 Safari/537.36"
51.75.19.210 - - [27/Aug/2026:11:47:41 +0330] "POST /wp-login.php HTTP/1.1" 301 795 "http://pishroraika.com/wp-login.php" "Mozilla/5.0 (Windows NT 10.0; Win64; x64) AppleWebKit/537.36 (KHTML, like Gecko) Chrome/125.0.0.0 Safari/537.36"
51.75.19.210 - - [27/Aug/2026:12:11:47 +0330] "POST /wp-login.php HTTP/1.1" 301 795 "http://pishroraika.com/wp-login.php" "Mozilla/5.0 (Windows NT 10.0; Win64; x64) AppleWebKit/537.36 (KHTML, like Gecko) Chrome/125.0.0.0 Safari/537.36"
43.130.154.56 - - [27/Aug/2026:12:12:09 +0330] "GET / HTTP/1.1" 301 795 "-" "Mozilla/5.0 (iPhone; CPU iPhone OS 13_2_3 like Mac OS X) AppleWebKit/605.1.15 (KHTML, like Gecko) Version/13.0.3 Mobile/15E148 Safari/604.1"
51.75.19.210 - - [27/Aug/2026:12:35:30 +0330] "POST /wp-login.php HTTP/1.1" 301 795 "http://pishroraika.com/wp-login.php" "Mozilla/5.0 (Windows NT 10.0; Win64; x64) AppleWebKit/537.36 (KHTML, like Gecko) Chrome/125.0.0.0 Safari/537.36"
51.75.19.210 - - [27/Aug/2026:12:59:05 +0330] "POST /wp-login.php HTTP/1.1" 301 795 "http://pishroraika.com/wp-login.php" "Mozilla/5.0 (Windows NT 10.0; Win64; x64) AppleWebKit/537.36 (KHTML, like Gecko) Chrome/125.0.0.0 Safari/537.36"
43.166.240.231 - - [27/Aug/2026:13:11:51 +0330] "GET / HTTP/1.1" 301 795 "-" "Mozilla/5.0 (iPhone; CPU iPhone OS 13_2_3 like Mac OS X) AppleWebKit/605.1.15 (KHTML, like Gecko) Version/13.0.3 Mobile/15E148 Safari/604.1"
51.75.19.210 - - [27/Aug/2026:13:22:47 +0330] "POST /wp-login.php HTTP/1.1" 301 795 "http://pishroraika.com/wp-login.php" "Mozilla/5.0 (Windows NT 10.0; Win64; x64) AppleWebKit/537.36 (KHTML, like Gecko) Chrome/125.0.0.0 Safari/537.36"
147.182.229.109 - - [27/Aug/2026:13:35:10 +0330] "GET / HTTP/1.1" 301 795 "-" "Mozilla/5.0 (X11; Linux x86_64; rv:142.0) Gecko/20100101 Firefox/142.0"
147.182.229.109 - - [27/Aug/2026:13:35:10 +0330] "GET /favicon.ico HTTP/1.1" 301 795 "http://pishroraika.com/" "Mozilla/5.0 (X11; Linux x86_64; rv:142.0) Gecko/20100101 Firefox/142.0"
20.104.18.15 - - [27/Aug/2026:13:39:55 +0330] "GET /wp-content/plugins/hellopress/wp_filemanager.php HTTP/1.1" 301 795 "-" "-"
20.104.18.15 - - [27/Aug/2026:13:39:56 +0330] "GET /this_is_a_new_hello_world.php HTTP/1.1" 301 795 "-" "-"
51.75.19.210 - - [27/Aug/2026:13:46:53 +0330] "POST /wp-login.php HTTP/1.1" 301 795 "http://pishroraika.com/wp-login.php" "Mozilla/5.0 (Windows NT 10.0; Win64; x64) AppleWebKit/537.36 (KHTML, like Gecko) Chrome/125.0.0.0 Safari/537.36"